 - 6. Give h(5).
-91
Let y(c) = -2*c - 4. Determine y(-10).
16
Let w(z) = 49*z - 31. Determine w(4).
165
Let v(x) = x**2 - 9*x + 5. Determine v(10).
15
Let y(r) = r**2 + 7*r. What is y(-6)?
-6
Let s(o) = o**3 + 7*o**2 - 9*o - 4. Give s(-8).
4
Let q(h) = 15*h**2 - h + 1. Give q(-1).
17
Let a(f) = f**3 + 5*f**2 + 5*f + 3. Determine a(-4).
-1
Let b(r) = -r**2 - 20*r - 27. Calculate b(-19).
-8
Let w(y) = -y - 5. Determine w(17).
-22
Let o(m) = -m**3 - 13*m**2 + 6*m - 34. Determine o(-13).
-112
Let p(x) = -2*x - 66. What is p(-32)?
-2
Let f(a) = a + 3. What is f(5)?
8
Let k(p) = -35*p + 562. Calculate k(16).
2
Let y(t) = -t**2 - 23*t + 25. Determine y(-26).
-53
Let v(n) = n + 23. Give v(2).
25
Let j(q) = 7*q**3 + 2*q**2 + 2*q + 1. Give j(-1).
-6
Let t(l) = 24*l + 19. Determine t(-2).
-29
Let h(o) = 5*o**2 - 8*o + 3. Give h(6).
135
Let x(h) = -h**3 - 11*h**2 + 8*h - 16. Calculate x(-12).
32
Let a(l) = 14*l + 15. Determine a(-5).
-55
Let n(h) = h**3 - 4*h**2 - 4*h + 4. Determine n(5).
9
Let n(w) = w + 31. Determine n(-14).
17
Let f(p) = 13*p**3 + p**2 + p. What is f(-1)?
-13
Let d(h) = -16*h**2 - 3*h - 3. Determine d(-2).
-61
Let v(r) = -3*r**2 + 6*r - 2. Determine v(2).
-2
Let w(c) = -5*c - 30. Calculate w(-6).
0
Let v(t) = 2*t**2 + 9*t - 11. What is v(-8)?
45
Let d(k) = k**3 - 8*k**2 + 10*k - 17. Determine d(7).
4
Let h(r) = 13*r - 4. Calculate h(2).
22
Let w(s) = -s**3 - 3*s**2 + s + 1. Determine w(-3).
-2
Let x(u) = -u - 5. Determine x(-4).
-1
Let q(n) = -18*n**2 - 2*n - 1. Determine q(-1).
-17
Let t(u) = -7*u**3 - 3*u**2 - 3*u. Calculate t(-2).
50
Let b(h) = -h**2 + h + 2. What is b(1)?
2
Let h(k) = -k**3 + 2*k**2 + 21*k + 8. Calculate h(7).
-90
Let d(q) = -q**3 + 15*q**2 - 23*q - 8. Determine d(14).
-134
Let h(v) = -v**3 - 10*v**2 + 8*v - 10. Determine h(-11).
23
Let v(d) = 43*d + 1. Calculate v(1).
44
Let t(u) = 73*u - 132. What is t(2)?
14
Let y(v) = 2*v**3 - 4*v**2 + 3*v - 3. Calculate y(4).
73
Let m(t) = -t + 16. Give m(9).
7
Let m(f) = -f**3 - 11*f**2 - 8*f + 10. What is m(-10)?
-10
Let c(x) = 2*x - 42. What is c(25)?
8
Let k(x) = -x**3 + 8*x**2 - 14*x - 6. Give k(6).
-18
Let j(b) = -b**2 + 3. What is j(4)?
-13
Let b(d) = 29*d**3 - d**2 - d. Calculate b(-1).
-29
Let w(a) = -a**3 - 14*a**2 + a. Determine w(-14).
-14
Let b(h) = h**3 + 11*h**2 - 2*h - 14. Calculate b(-11).
8
Let u(s) = -8*s + 155. Give u(19).
3
Let a(s) = -7*s**2 + 1. Give a(1).
-6
Let y(q) = q**2 + 4*q - 12. What is y(8)?
84
Let j(a) = a**3 - 6*a**2 - 21*a + 121. What is j(6)?
-5
Let b(w) = -w**3 - 15*w**2 - w - 21. Calculate b(-15).
-6
Let g(p) = -p**3 + 7*p**2 - 11*p + 10. Calculate g(4).
14
Let o(t) = 2*t**2 + 17*t - 25. Calculate o(-10).
5
Let n(s) = s**2 - 5*s + 11. What is n(2)?
5
Let c(z) = -z**3 + 11*z**2 - 2*z + 16. Determine c(11).
-6
Let w(h) = 6*h**2 - 8*h - 25. Give w(-3).
53
Let g(m) = m - 20. Give g(10).
-10
Let o(m) = m**2 - 18*m - 26. Give o(19).
-7
Let g(i) = i**2 + 7*i - 5. Calculate g(-6).
-11
Let x(z) = -3*z**2 - 103*z + 71. What is x(-35)?
1
Let z(b) = 2*b**2 - 8*b + 12. Calculate z(-5).
102
Let t(i) = 3*i - 52. What is t(6)?
-34
Let i(o) = -18*o - 366. What is i(-20)?
-6
Let k(d) = -5*d**2 + 2. Determine k(2).
-18
Let z(q) = q**3 + 4*q**2 - q. Calculate z(-3).
12
Let u(f) = -f**3 - f**2 + 3*f + 3. Give u(-4).
39
Let r(f) = -8*f - 5. Calculate r(3).
-29
Let g(i) = -i**3 + 12*i**2 + 12*i + 17. Give g(13).
4
Let x(o) = o**3 + 7*o**2 - 6*o + 27. What is x(-9)?
-81
Let n(g) = 3*g - 1. Give n(5).
14
Let f(y) = -y + 6. Determine f(4).
2
Let g(m) = -6*m + 51. Determine g(9).
-3
Let y(w) = -w**3 - 4*w**2 + 6*w + 14. Determine y(-5).
9
Let j(s) = -22*s**2 + 2*s + 1. Give j(-1).
-23
Let k(a) = -3*a**2 - 21*a + 5. Give k(-7).
5
Let l(c) = 2*c - 2. Calculate l(2).
2
Let h(o) = 2*o**3 + 42*o**2 + 41*o + 8. What is h(-20)?
-12
Let q(x) = -x**3 + 10*x**2 - 10*x + 14. Give q(9).
5
Let m(u) = -u**2 - 4*u + 11. Calculate m(-6).
-1
Let l(x) = 11*x + 3. Give l(-2).
-19
Let h(i) = 2*i**2 + 13*i + 32. Determine h(-5).
17
Let p(q) = 4*q - 10. Calculate p(0).
-10
Let z(y) = -y**3 + 7*y**2. What is z(7)?
0
Let y(v) = -v**3 - 15*v**2 - 17*v - 81. Give y(-14).
-39
Let p(u) = -3*u + 15. Calculate p(8).
-9
Let x(r) = -10*r + 7. Determine x(-3).
37
Let c(f) = -14*f - 133. Determine c(-13).
49
Let v(o) = 2*o - 5. Give v(4).
3
Let x(t) = -t**3 - 9*t**2 + 8*t + 2. What is x(-10)?
22
Let s(p) = p**2 + 4*p - 5. What is s(-6)?
7
Let w(q) = 2*q**2 - 11*q + 17. What is w(9)?
80
Let u(a) = a - 12. Give u(13).
1
Let c(z) = -z**3 + 6*z**2 + 19*z + 2. Give c(8).
26
Let v(f) = -15*f - 866. What is v(-58)?
4
Let m(t) = -t**3 + 9*t**2 - 3*t + 8. Give m(9).
-19
Let r(n) = 16*n. Give r(2).
32
Let m(k) = 4*k**2 + 2*k - 16. Calculate m(3).
26
Let r(q) = 38*q - 1. Calculate r(1).
37
Let l(x) = -20*x**3 - 11*x - 10. Calculate l(-1).
21
Let v(k) = -46*k - 10. What is v(-3)?
128
Let z(s) = -s**3 + s**2 - s - 5. Give z(-4).
79
Let v(g) = -20*g + 9. What is v(2)?
-31
Let x(p) = -344*p + 2410. Determine x(7).
2
Let j(z) = 9*z**2 - 9*z - 5. Determine j(-4).
175
Let l(x) = x**3 - 13*x**2 + 12*x - 28. Calculate l(6).
-208
Let z(d) = 18*d - 425. Give z(23).
-11
Let i(l) = l**3 - 7*l**2 - l + 5. Determine i(7).
-2
Let w(d) = -2*d**2 + 17*d - 11. What is w(9)?
-20
Let j(d) = d**2 - 11*d - 17. Calculate j(12).
-5
Let t(z) = -z + 5. What is t(-3)?
8
Let p(i) = -i**2 - 7*i + 48. Give p(-10).
18
Let x(v) = v + 14. What is x(-7)?
7
Let j(r) = -7*r - 11. What is j(-3)?
10
Let k(f) = 3*f + 82. Determine k(-22).
16
Let k(p) = -p**3 - 8*p**2 + 9*p + 89. What is k(-8)?
17
Let m(a) = -5*a**2 + 29*a + 18. Give m(6).
12
Let o(d) = -2*d**3 + d**2 - 2*d - 8. What is o(-2)?
16
Let y(n) = 5*n + 3. Calculate y(1).
8
Let d(c) = -2*c**2 + 24*c - 99. Determine d(6).
-27
Let k(y) = -y - 29. Calculate k(27).
-56
Let y(q) = q**3 + 10*q**2 - 2*q - 15. Give y(-10).
5
Let p(k) = -k**2 - 13*k - 18. Determine p(-6).
24
Let o(z) = -2*z + 17. Determine o(9).
-1
Let l(n) = -2*n**2 - 20*n - 60. Calculate l(-11).
-82
Let r(z) = z**2 + 11*z - 9. What is r(-10)?
-19
Let m(i) = -4*i**2 - 4*i + 22. Calculate m(-3).
-2
Let f(y) = y**2 + 13*y - 3. Calculate f(-11).
-25
Let g(i) = 2*i**3 + 6*i**2 - 6*i. What is g(-4)?
-8
Let p(s) = s - 17. What is p(16)?
-1
Let v(w) = w**3 + w**2 - w - 6. What is v(0)?
-6
Let k(j) = -79*j - 79. Determine k(-1).
0
Let t(s) = -2*s**2 + 19*s - 45. Determine t(3).
-6
Let t(z) = -z**2 - 8*z - 1. Give t(-7).
6
Let n(d) = -d**2 + 5*d + 1. Calculate n(6).
-5
Let k(m) = -m**2 + 12*m + 76. Determine k(17).
-9
Let m(y) = -y**3 - 6*y**2 + 6*y + 7. Give m(-3).
-38
Let b(x) = -x**2 - 9*x - 7. What is b(-7)?
7
Let j(b) = -b**3 - 9*b**2 - 16*b + 7. Give j(-3).
1
Let a(v) = -v - 7. What is a(-23)?
16
Let h(c) = -c - 9. Determine h(12).
-21
Let a(q) = -7*q + 50. Determine a(31).
-167
Let t(f) = -2*f - 40. Give t(-17).
-6
Let d(l) = -l**3 - 3*l**2 + 27*l. What is d(-7)?
7
Let j(m) = -94*m**2 + m - 1. Calculate j(1).
-94
Let r(z) = -z**3 + 20*z**2 + 21*z - 7. Calculate r(21).
-7
Let u(o) = o**3 + 5*o**2 + 4*o + 6. Give u(-7).
-120
Let v(g) = 2*g**2 + 5*g - 2. Determine v(-5).
23
Let i(d) = -2*d**2 + 11*d - 10. Give i(5).
-5
Let n(c) = 9*c**2 + 3*c - 5. Give n(1).
7
Let s(x) = -3*x**2 - 52*x - 11. Calculate s(-17).
6
Let o(t) = -t**2 + 11*t - 27. What is o(4)?
1
Let d(y) = -5*y**2 - 47*y - 12. Give d(-10).
-42
Let u(r) = 3*r - 4. Determine u(-6).
-22
Let v(a) = 4*a**2 + 50*a + 31. What is v(-12)?
7
Let x(d) = 3*d**2 - 8*d - 12. Calculate x(-3).
39
Let p(f) = -f**3 - 6*f**2 - f + 6. Calculate p(-5).
-14
Let m(a) = 26*a - 14. What is m(5)?
116
Let x(t) = -t**2 - 9*t - 30. What is x(-9)?
-30
Let w(m) = m**3 + 33*m**2 + 61*m + 16. Determine w(-31).
47
Let r(x) = -2*x - 7. Give r(-5).
3
Let f(m) = 4*m**3 + m**2 + 2*m + 1. What is f(-1)?
-4
Let g(j) = -j**3 - 19*j**2 + j + 16. What is g(-19)?
-3
Let u(r) = -r**2 - 16*r + 7. Determine u(-17).
-10
Let l(i) = -i**3 + 13*i**2 + 5*i - 56. What is l(13)?
9
Let o(w) = -31*w + 9. What is o(0)?
9
Let f(g) = -g**2 - 29*g - 173. Calculate f(-9).
7
Let r(o) = 21*o**3 - 2*o**2 - 7*o - 5. What is r(-1)?
-21
Let t(u) = 6*u + 38. Calculate t(-8).
-10
Let i(o) = -o**3 + 2*o**2 + 3*o - 3. What is i(3)?
-3
Let m(j) = -23*j + 1. What is m(2)?
-45
Let v(o) = -o**2 - o - 19. Determine v(0).
-19
Let j(w) = -7*w + 2